{"id":2008,"date":"2022-04-28T18:32:07","date_gmt":"2022-04-28T18:32:07","guid":{"rendered":"http:\/\/web.digitalexpansion.com.ar\/?page_id=2008"},"modified":"2022-04-28T18:32:07","modified_gmt":"2022-04-28T18:32:07","slug":"servidores-de-alta-densidad","status":"publish","type":"page","link":"http:\/\/web.digitalexpansion.com.ar\/?page_id=2008","title":{"rendered":"Servidores de alta densidad"},"content":{"rendered":"<p style=\"text-align: center;\"><strong>Los sistemas para densidad de Lenovo ofrecen una potencia inform\u00e1tica masiva en un espacio m\u00ednimo para afrontar cargas de trabajo como la inform\u00e1tica de alto rendimiento (HPC), la inteligencia artificial (AI), la nube, la red y la anal\u00edtica.<\/strong><\/p>\n<h2 style=\"text-align: center;\"><span style=\"color: #3366ff;\"><strong>M\u00c1S PODER EN MENOS ESPACIO<\/strong><\/span><\/h2>\n<p style=\"text-align: center;\"><strong>Los sistemas densos de Lenovo ofrecen una potencia de computaci\u00f3n masiva en un espacio m\u00ednimo para abordar las cargas de trabajo de computaci\u00f3n de alto rendimiento (HPC), inteligencia artificial (AI), nube, cuadr\u00edculas y an\u00e1lisis.<\/strong><\/p>\n<p>&nbsp;<\/p>\n<hr \/>\n<p>&nbsp;<\/p>\n<h3 style=\"text-align: center;\"><strong>ThinkSystem SD530<\/strong><\/h3>\n<p>El ThinkSystem SD530 es un sistema de 2U y 4 nodos muy \u00e1gil que sobresale en HPC y en cargas de trabajo empresariales, en la misma plataforma, de modo que aumenta la flexibilidad a la vez que reduce los costos.<\/p>\n<p><img loading=\"lazy\" decoding=\"async\" class=\"alignleft  wp-image-2009\" src=\"http:\/\/web.digitalexpansion.com.ar\/wp-content\/uploads\/2022\/04\/ThinkSystem-SD530-2.png\" alt=\"\" width=\"554\" height=\"381\" srcset=\"http:\/\/web.digitalexpansion.com.ar\/wp-content\/uploads\/2022\/04\/ThinkSystem-SD530-2.png 721w, http:\/\/web.digitalexpansion.com.ar\/wp-content\/uploads\/2022\/04\/ThinkSystem-SD530-2-300x206.png 300w, http:\/\/web.digitalexpansion.com.ar\/wp-content\/uploads\/2022\/04\/ThinkSystem-SD530-2-260x179.png 260w\" sizes=\"auto, (max-width: 554px) 100vw, 554px\" \/><\/p>\n<p>Caracter\u00edsticas<\/p>\n<ul>\n<li>Hasta 2 procesadores Xeon\u00ae Platinum de segunda generaci\u00f3n<\/li>\n<li>Hasta 2 procesadores 205 W de 28 n\u00facleos compatibles con el M\u00f3dulo de transferencia t\u00e9rmica Lenovo Neptune<\/li>\n<li>Hasta 6 unidades por nodo, hasta 4 de ellas NVMe<\/li>\n<li>Hasta 2 TB de memoria con 12 m\u00f3dulos RDIMMs 3DS TruDDR4 de 128 GB, soporta Intel\u00ae Optane&#x2122; DC Persistent Memory<\/li>\n<li>Soporta o bien una configuraci\u00f3n 2U4N con cuatro nodos de computaci\u00f3n Intel Xeon o una configuraci\u00f3n 2U2N con gran n\u00famero de unidades de GPU en la que cada nodo tiene conectadas 2 unidades GPU NVIDIA Tesla V100<\/li>\n<li>Mayor flexibilidad mediante soporte de InfiniBand SharedIO<\/li>\n<\/ul>\n<p>&nbsp;<\/p>\n<hr \/>\n<h3><\/h3>\n<h3 style=\"text-align: center;\"><strong>Lenovo Scalable Infrastructure<\/strong><\/h3>\n<p>Completa la soluci\u00f3n HPC integrada combinando componentes de Lenovo con otros de terceros. Las soluciones se comprueban para asegurar la fiabilidad, la interoperabilidad y el rendimiento.<\/p>\n<p><img loading=\"lazy\" decoding=\"async\" class=\"alignleft size-full wp-image-2010\" src=\"http:\/\/web.digitalexpansion.com.ar\/wp-content\/uploads\/2022\/04\/Lenovo-Scalable-Infrastructure.png\" alt=\"\" width=\"397\" height=\"298\" srcset=\"http:\/\/web.digitalexpansion.com.ar\/wp-content\/uploads\/2022\/04\/Lenovo-Scalable-Infrastructure.png 397w, http:\/\/web.digitalexpansion.com.ar\/wp-content\/uploads\/2022\/04\/Lenovo-Scalable-Infrastructure-300x225.png 300w, http:\/\/web.digitalexpansion.com.ar\/wp-content\/uploads\/2022\/04\/Lenovo-Scalable-Infrastructure-120x90.png 120w, http:\/\/web.digitalexpansion.com.ar\/wp-content\/uploads\/2022\/04\/Lenovo-Scalable-Infrastructure-260x195.png 260w\" sizes=\"auto, (max-width: 397px) 100vw, 397px\" \/><\/p>\n<p>Caracter\u00edsticas<\/p>\n<ul>\n<li>Elige componentes entre una gran cartera de sistemas, interconexiones, almacenamiento y software l\u00edderes en la industria.<\/li>\n<li>Aprovecha los conocimientos de los expertos de Lenovo para dise\u00f1ar y construir tus soluciones de HPC e IA a medida.<\/li>\n<li>Maximiza el valor empresarial instalando un cl\u00faster previamente integrado, cableado y comprobado.<\/li>\n<\/ul>\n<p>&nbsp;<\/p>\n<hr \/>\n<h3><\/h3>\n<h3 style=\"text-align: center;\"><strong>Lenovo Distributed Storage Solution para IBM Spectrum Scale<\/strong><\/h3>\n<p>DSS-G combina el rendimiento de los servidores Lenovo ThinkSystem con el software Spectrum Scale para ofrecer un enfoque de escala en bloque a fin de satisfacer las necesidades de almacenamiento de la HPC.<\/p>\n<p><img loading=\"lazy\" decoding=\"async\" class=\"alignleft size-full wp-image-2011\" src=\"http:\/\/web.digitalexpansion.com.ar\/wp-content\/uploads\/2022\/04\/Lenovo-Distributed-Storage-Solution-para-IBM-Spectrum-Scale.png\" alt=\"\" width=\"392\" height=\"298\" srcset=\"http:\/\/web.digitalexpansion.com.ar\/wp-content\/uploads\/2022\/04\/Lenovo-Distributed-Storage-Solution-para-IBM-Spectrum-Scale.png 392w, http:\/\/web.digitalexpansion.com.ar\/wp-content\/uploads\/2022\/04\/Lenovo-Distributed-Storage-Solution-para-IBM-Spectrum-Scale-300x228.png 300w, http:\/\/web.digitalexpansion.com.ar\/wp-content\/uploads\/2022\/04\/Lenovo-Distributed-Storage-Solution-para-IBM-Spectrum-Scale-120x90.png 120w, http:\/\/web.digitalexpansion.com.ar\/wp-content\/uploads\/2022\/04\/Lenovo-Distributed-Storage-Solution-para-IBM-Spectrum-Scale-260x198.png 260w\" sizes=\"auto, (max-width: 392px) 100vw, 392px\" \/><\/p>\n<p>Caracter\u00edsticas<\/p>\n<ul>\n<li>Servidores ThinkSystem SR630 y servidores SR650 de montaje en rack<\/li>\n<li>Interconexiones: Posibilidad de elecci\u00f3n entre 10-100 GbE, FDR\/EDR, HDR100 InfiniBand y Omni Path 100<\/li>\n<li>Almacenamiento: Lenovo Storage JBODs D3284 y D1224<\/li>\n<li>Procesador: Procesadores de segunda generaci\u00f3n de la familia Intel\u00ae Xeon\u00ae Scalable.<\/li>\n<li>Administraci\u00f3n: IBM\u00ae Spectrum Scale&#x2122; para Linux<\/li>\n<li>Sistema operativo: Red Hat Enterprise Linux<\/li>\n<\/ul>\n<p>&nbsp;<\/p>\n<hr \/>\n<h3><\/h3>\n<h3 style=\"text-align: center;\"><strong>ThinkSystem SD650<\/strong><\/h3>\n<p>El dise\u00f1o de refrigeraci\u00f3n directa por agua del SD650 proporciona m\u00e1ximo rendimiento, extrema densidad y la m\u00e1xima eficiencia energ\u00e9tica en el centro de datos.<\/p>\n<p><img loading=\"lazy\" decoding=\"async\" class=\"alignleft size-full wp-image-2012\" src=\"http:\/\/web.digitalexpansion.com.ar\/wp-content\/uploads\/2022\/04\/ThinkSystem-SD650.png\" alt=\"\" width=\"398\" height=\"298\" srcset=\"http:\/\/web.digitalexpansion.com.ar\/wp-content\/uploads\/2022\/04\/ThinkSystem-SD650.png 398w, http:\/\/web.digitalexpansion.com.ar\/wp-content\/uploads\/2022\/04\/ThinkSystem-SD650-300x225.png 300w, http:\/\/web.digitalexpansion.com.ar\/wp-content\/uploads\/2022\/04\/ThinkSystem-SD650-120x90.png 120w, http:\/\/web.digitalexpansion.com.ar\/wp-content\/uploads\/2022\/04\/ThinkSystem-SD650-260x195.png 260w\" sizes=\"auto, (max-width: 398px) 100vw, 398px\" \/><\/p>\n<p>Caracter\u00edsticas<\/p>\n<ul>\n<li>Hasta 2 procesadores Xeon\u00ae Platinum de segunda generaci\u00f3n<\/li>\n<li>Hasta 1,5 TB de memoria DDR4 o 2 TB con Intel\u00ae Optane&#x2122; DC Persistent Memory<\/li>\n<li>Hasta 2 unidades SSD\/NVMe U.2; 2 almacenamiento local M.2<\/li>\n<li>Soporte de tejidos InfiniBand y Omni Path<\/li>\n<li>Con tecnolog\u00eda de refrigeraci\u00f3n por agua Lenovo Neptune<\/li>\n<\/ul>\n<p>&nbsp;<\/p>\n<hr \/>\n<h3><\/h3>\n<h3 style=\"text-align: center;\"><strong>ThinkSystem SD630 V2<\/strong><\/h3>\n<p>El ThinkSystem SD630 V2, en combinaci\u00f3n con el chasis DA240, es un sistema ultradenso de 2U y 4 nodos-con un dise\u00f1o de m\u00e1ximas prestaciones.<\/p>\n<p><img loading=\"lazy\" decoding=\"async\" class=\"alignleft size-full wp-image-2013\" src=\"http:\/\/web.digitalexpansion.com.ar\/wp-content\/uploads\/2022\/04\/ThinkSystem-SD630-V2-1.png\" alt=\"\" width=\"393\" height=\"296\" srcset=\"http:\/\/web.digitalexpansion.com.ar\/wp-content\/uploads\/2022\/04\/ThinkSystem-SD630-V2-1.png 393w, http:\/\/web.digitalexpansion.com.ar\/wp-content\/uploads\/2022\/04\/ThinkSystem-SD630-V2-1-300x226.png 300w, http:\/\/web.digitalexpansion.com.ar\/wp-content\/uploads\/2022\/04\/ThinkSystem-SD630-V2-1-120x90.png 120w, http:\/\/web.digitalexpansion.com.ar\/wp-content\/uploads\/2022\/04\/ThinkSystem-SD630-V2-1-260x196.png 260w\" sizes=\"auto, (max-width: 393px) 100vw, 393px\" \/><\/p>\n<p>Caracter\u00edsticas<\/p>\n<ul>\n<li>Hasta 2 procesadores Intel\u00ae Xeon\u00ae Platinum de tercera generaci\u00f3n<\/li>\n<li>Hasta dos CPU de 270 W\/36 n\u00facleos<\/li>\n<li>Hasta dos unidades de 2,5\u201d 7 mm por nodo o una unidad de 2,5\u201d 15 mm, hasta dos unidades SATA\/NVMe M.2<\/li>\n<li>Hasta 1 TB de memoria con 16 m\u00f3dulos RDIMM TruDDR4 3DS de 64 GB<\/li>\n<li>Soporte de InfiniBand HDR y OPA<\/li>\n<li>Acceso frontal a almacenamiento y E\/S<\/li>\n<li>Soporta 4 unidades SSD \u00abhot-swap\u00bb U.2 Intel Optane&#x2122; P4800X 1,5 TB Performance NVMe PCIe 3.0<\/li>\n<li>Soporta 4 unidades SSD \u00abhot-swap\u00bb U.3 Kioxia CM6-V 3.2TB Mainstream NVMe PCIe 4.0<\/li>\n<\/ul>\n<p>&nbsp;<\/p>\n<hr \/>\n<h3><\/h3>\n<h3 style=\"text-align: center;\"><strong>ThinkSystem SD650 V2<\/strong><\/h3>\n<p>El dise\u00f1o de la refrigeraci\u00f3n directa por agua del ThinkSystem SD650 V2 proporciona m\u00e1ximo rendimiento, extremada densidad y mejor eficiencia energ\u00e9tica en el centro de datos.<\/p>\n<p><img loading=\"lazy\" decoding=\"async\" class=\"alignleft size-full wp-image-2014\" src=\"http:\/\/web.digitalexpansion.com.ar\/wp-content\/uploads\/2022\/04\/ThinkSystem-SD650-V2.png\" alt=\"\" width=\"398\" height=\"297\" srcset=\"http:\/\/web.digitalexpansion.com.ar\/wp-content\/uploads\/2022\/04\/ThinkSystem-SD650-V2.png 398w, http:\/\/web.digitalexpansion.com.ar\/wp-content\/uploads\/2022\/04\/ThinkSystem-SD650-V2-300x224.png 300w, http:\/\/web.digitalexpansion.com.ar\/wp-content\/uploads\/2022\/04\/ThinkSystem-SD650-V2-120x90.png 120w, http:\/\/web.digitalexpansion.com.ar\/wp-content\/uploads\/2022\/04\/ThinkSystem-SD650-V2-260x194.png 260w\" sizes=\"auto, (max-width: 398px) 100vw, 398px\" \/><\/p>\n<p>Caracter\u00edsticas<\/p>\n<ul>\n<li>Hasta 2 procesadores Intel\u00ae Xeon\u00ae Scalable de tercera generaci\u00f3n de hasta 270 W<\/li>\n<li>Hasta 16 m\u00f3dulos de memoria DDR4 de 128 GB<\/li>\n<li>Hasta dos unidades SSD\/NVMe U.2; 2 M.2 para almacenamiento local<\/li>\n<li>Soporte para estructuras InfiniBand y Omni Path<\/li>\n<li>Con tecnolog\u00eda de refrigeraci\u00f3n por agua Lenovo Neptune&#x2122;<\/li>\n<\/ul>\n<p>&nbsp;<\/p>\n<hr \/>\n<h3><\/h3>\n<h3 style=\"text-align: center;\"><strong>ThinkSystem SD650-N V2<\/strong><\/h3>\n<p>Los servidores GPU con refrigeraci\u00f3n l\u00edquida aportan rendimiento a nivel de exaescala a sus cargas de trabajo de IA y HPC.<\/p>\n<p><img loading=\"lazy\" decoding=\"async\" class=\"alignleft size-full wp-image-2015\" src=\"http:\/\/web.digitalexpansion.com.ar\/wp-content\/uploads\/2022\/04\/ThinkSystem-SD650-N-V2.png\" alt=\"\" width=\"395\" height=\"297\" srcset=\"http:\/\/web.digitalexpansion.com.ar\/wp-content\/uploads\/2022\/04\/ThinkSystem-SD650-N-V2.png 395w, http:\/\/web.digitalexpansion.com.ar\/wp-content\/uploads\/2022\/04\/ThinkSystem-SD650-N-V2-300x226.png 300w, http:\/\/web.digitalexpansion.com.ar\/wp-content\/uploads\/2022\/04\/ThinkSystem-SD650-N-V2-120x90.png 120w, http:\/\/web.digitalexpansion.com.ar\/wp-content\/uploads\/2022\/04\/ThinkSystem-SD650-N-V2-260x195.png 260w\" sizes=\"auto, (max-width: 395px) 100vw, 395px\" \/><\/p>\n<p>Caracter\u00edsticas<\/p>\n<ul>\n<li>Refrigeraci\u00f3n l\u00edquida directa al nodo Lenovo Neptune&#x2122; para procesadores y GPUs de elevado rendimiento<\/li>\n<li>Servidor de 1U y 2 z\u00f3calos con hasta 6 instalados en la unidad f\u00edsica ThinkSystem DW612<\/li>\n<li>Dos procesadores Intel\u00ae Xeon\u00ae Scalable de tercera generaci\u00f3n<\/li>\n<li>Cuatro GPUs NVIDIA HGX&#x2122; A100 con NVLink para aceleraci\u00f3n<\/li>\n<li>Hasta dos ranuras PCIe x16 de cuarta generaci\u00f3n para red de alta velocidad<\/li>\n<\/ul>\n","protected":false},"excerpt":{"rendered":"<p>Los sistemas para densidad de Lenovo ofrecen una potencia inform\u00e1tica masiva en un espacio m\u00ednimo para afrontar cargas de trabajo como la inform\u00e1tica de alto rendimiento (HPC), la inteligencia artificial (AI), la nube, la red y la anal\u00edtica. M\u00c1S PODER EN MENOS ESPACIO Los sistemas densos de Lenovo ofrecen una potencia de computaci\u00f3n masiva en<\/p>\n","protected":false},"author":2,"featured_media":0,"parent":0,"menu_order":0,"comment_status":"closed","ping_status":"closed","template":"","meta":{"_acf_changed":false,"inline_featured_image":false,"footnotes":""},"class_list":["post-2008","page","type-page","status-publish","hentry"],"acf":[],"_links":{"self":[{"href":"http:\/\/web.digitalexpansion.com.ar\/index.php?rest_route=\/wp\/v2\/pages\/2008","targetHints":{"allow":["GET"]}}],"collection":[{"href":"http:\/\/web.digitalexpansion.com.ar\/index.php?rest_route=\/wp\/v2\/pages"}],"about":[{"href":"http:\/\/web.digitalexpansion.com.ar\/index.php?rest_route=\/wp\/v2\/types\/page"}],"author":[{"embeddable":true,"href":"http:\/\/web.digitalexpansion.com.ar\/index.php?rest_route=\/wp\/v2\/users\/2"}],"replies":[{"embeddable":true,"href":"http:\/\/web.digitalexpansion.com.ar\/index.php?rest_route=%2Fwp%2Fv2%2Fcomments&post=2008"}],"version-history":[{"count":1,"href":"http:\/\/web.digitalexpansion.com.ar\/index.php?rest_route=\/wp\/v2\/pages\/2008\/revisions"}],"predecessor-version":[{"id":2018,"href":"http:\/\/web.digitalexpansion.com.ar\/index.php?rest_route=\/wp\/v2\/pages\/2008\/revisions\/2018"}],"wp:attachment":[{"href":"http:\/\/web.digitalexpansion.com.ar\/index.php?rest_route=%2Fwp%2Fv2%2Fmedia&parent=2008"}],"curies":[{"name":"wp","href":"https:\/\/api.w.org\/{rel}","templated":true}]}}