{"id":2061,"date":"2022-04-28T19:03:21","date_gmt":"2022-04-28T19:03:21","guid":{"rendered":"http:\/\/web.digitalexpansion.com.ar\/?page_id=2061"},"modified":"2022-04-28T19:03:21","modified_gmt":"2022-04-28T19:03:21","slug":"almacenamiento-definido-por-software","status":"publish","type":"page","link":"http:\/\/web.digitalexpansion.com.ar\/?page_id=2061","title":{"rendered":"Almacenamiento definido por software"},"content":{"rendered":"<h2 style=\"text-align: center;\">Gestione el crecimiento de sus datos y habilite las iniciativas multinube con soluciones de archivos, bloques y objetos.<\/h2>\n<p>&nbsp;<\/p>\n<hr \/>\n<p>&nbsp;<\/p>\n<p style=\"text-align: center;\"><strong>IBM Spectrum Virtualize<\/strong><\/p>\n<p>IBM Spectrum Virtualize est\u00e1 dise\u00f1ado para simplificar la infraestructura para almacenamiento al mismo tiempo que reduce significativamente las inversiones de capital, gastos operativos y complejidad de TI mediante la implementaci\u00f3n de un \u00fanico punto de gesti\u00f3n para todos los sistemas de almacenamiento ubicados bajo su administraci\u00f3n.<\/p>\n<p><img loading=\"lazy\" decoding=\"async\" class=\"alignleft size-full wp-image-2062\" src=\"http:\/\/web.digitalexpansion.com.ar\/wp-content\/uploads\/2022\/04\/IBM-Spectrum-Virtualize.png\" alt=\"\" width=\"210\" height=\"333\" srcset=\"http:\/\/web.digitalexpansion.com.ar\/wp-content\/uploads\/2022\/04\/IBM-Spectrum-Virtualize.png 210w, http:\/\/web.digitalexpansion.com.ar\/wp-content\/uploads\/2022\/04\/IBM-Spectrum-Virtualize-189x300.png 189w, http:\/\/web.digitalexpansion.com.ar\/wp-content\/uploads\/2022\/04\/IBM-Spectrum-Virtualize-126x200.png 126w\" sizes=\"auto, (max-width: 210px) 100vw, 210px\" \/><\/p>\n<p>&nbsp;<\/p>\n<hr \/>\n<h3><\/h3>\n<p style=\"text-align: center;\"><strong>IBM Spectrum Storage Suite<\/strong><\/p>\n<p>Con IBM Spectrum Storage Suite, puede administrar el crecimiento de los datos y prepararse para la nube con un paquete de soluciones SDS a un precio predecible basado en atractivas opciones de licencia. Al compartir la misma interfaz f\u00e1cil de usar, IBM Spectrum Storage Suite hace que la implementaci\u00f3n de SDS sea m\u00e1s f\u00e1cil y rentable que nunca.<\/p>\n<p><img loading=\"lazy\" decoding=\"async\" class=\"alignleft size-full wp-image-2063\" src=\"http:\/\/web.digitalexpansion.com.ar\/wp-content\/uploads\/2022\/04\/IBM-Storage-Insights.png\" alt=\"\" width=\"156\" height=\"322\" srcset=\"http:\/\/web.digitalexpansion.com.ar\/wp-content\/uploads\/2022\/04\/IBM-Storage-Insights.png 156w, http:\/\/web.digitalexpansion.com.ar\/wp-content\/uploads\/2022\/04\/IBM-Storage-Insights-145x300.png 145w, http:\/\/web.digitalexpansion.com.ar\/wp-content\/uploads\/2022\/04\/IBM-Storage-Insights-97x200.png 97w\" sizes=\"auto, (max-width: 156px) 100vw, 156px\" \/><\/p>\n<p>&nbsp;<\/p>\n<hr \/>\n<h3><\/h3>\n<p style=\"text-align: center;\"><strong>IBM Storage Suite for IBM Cloud Paks<\/strong><\/p>\n<p>Lleve los servicios de datos empresariales a los entornos de contenedores con una soluci\u00f3n de almacenamiento definida por software flexible para la nube h\u00edbrida. IBM Storage Suite para IBM Cloud Paks se basa en miembros de la familia IBM Spectrum Storage, as\u00ed como en ofertas de c\u00f3digo abierto de Red Hat dise\u00f1adas para simplificar la implementaci\u00f3n de IBM Cloud Paks al tiempo que permite una forma m\u00e1s r\u00e1pida y confiable de modernizarse y pasar a la nube.<\/p>\n<p><img loading=\"lazy\" decoding=\"async\" class=\"alignleft size-full wp-image-2064\" src=\"http:\/\/web.digitalexpansion.com.ar\/wp-content\/uploads\/2022\/04\/IBM-Cloud-Object-Storage-for-Splunk.jpg\" alt=\"\" width=\"225\" height=\"225\" srcset=\"http:\/\/web.digitalexpansion.com.ar\/wp-content\/uploads\/2022\/04\/IBM-Cloud-Object-Storage-for-Splunk.jpg 225w, http:\/\/web.digitalexpansion.com.ar\/wp-content\/uploads\/2022\/04\/IBM-Cloud-Object-Storage-for-Splunk-200x200.jpg 200w\" sizes=\"auto, (max-width: 225px) 100vw, 225px\" \/><\/p>\n","protected":false},"excerpt":{"rendered":"<p>Gestione el crecimiento de sus datos y habilite las iniciativas multinube con soluciones de archivos, bloques y objetos. &nbsp; &nbsp; IBM Spectrum Virtualize IBM Spectrum Virtualize est\u00e1 dise\u00f1ado para simplificar la infraestructura para almacenamiento al mismo tiempo que reduce significativamente las inversiones de capital, gastos operativos y complejidad de TI mediante la implementaci\u00f3n de un<\/p>\n","protected":false},"author":2,"featured_media":0,"parent":0,"menu_order":0,"comment_status":"closed","ping_status":"closed","template":"","meta":{"_acf_changed":false,"inline_featured_image":false,"footnotes":""},"class_list":["post-2061","page","type-page","status-publish","hentry"],"acf":[],"_links":{"self":[{"href":"http:\/\/web.digitalexpansion.com.ar\/index.php?rest_route=\/wp\/v2\/pages\/2061","targetHints":{"allow":["GET"]}}],"collection":[{"href":"http:\/\/web.digitalexpansion.com.ar\/index.php?rest_route=\/wp\/v2\/pages"}],"about":[{"href":"http:\/\/web.digitalexpansion.com.ar\/index.php?rest_route=\/wp\/v2\/types\/page"}],"author":[{"embeddable":true,"href":"http:\/\/web.digitalexpansion.com.ar\/index.php?rest_route=\/wp\/v2\/users\/2"}],"replies":[{"embeddable":true,"href":"http:\/\/web.digitalexpansion.com.ar\/index.php?rest_route=%2Fwp%2Fv2%2Fcomments&post=2061"}],"version-history":[{"count":1,"href":"http:\/\/web.digitalexpansion.com.ar\/index.php?rest_route=\/wp\/v2\/pages\/2061\/revisions"}],"predecessor-version":[{"id":2067,"href":"http:\/\/web.digitalexpansion.com.ar\/index.php?rest_route=\/wp\/v2\/pages\/2061\/revisions\/2067"}],"wp:attachment":[{"href":"http:\/\/web.digitalexpansion.com.ar\/index.php?rest_route=%2Fwp%2Fv2%2Fmedia&parent=2061"}],"curies":[{"name":"wp","href":"https:\/\/api.w.org\/{rel}","templated":true}]}}