{"id":2099,"date":"2022-04-28T19:20:55","date_gmt":"2022-04-28T19:20:55","guid":{"rendered":"http:\/\/web.digitalexpansion.com.ar\/?page_id=2099"},"modified":"2022-04-28T19:20:55","modified_gmt":"2022-04-28T19:20:55","slug":"cloud-pak-y-almacenamiento-de-contenedores","status":"publish","type":"page","link":"http:\/\/web.digitalexpansion.com.ar\/?page_id=2099","title":{"rendered":"Cloud Pak y almacenamiento de contenedores"},"content":{"rendered":"<p style=\"text-align: center;\"><strong>Proteja sus datos con servicios de almacenamiento persistentes para contenedores.<\/strong><\/p>\n<p>&nbsp;<\/p>\n<hr \/>\n<h3><span style=\"color: #3366ff;\"><strong>IBM Storage Suite for IBM Cloud Paks<\/strong><\/span><\/h3>\n<p>Proporcione servicios de datos empresariales a entornos de contenedores con una soluci\u00f3n de almacenamiento flexible y definida por software para la nube h\u00edbrida. IBM Storage Suite for IBM Cloud Paks se basa en la familia IBM Spectrum Storage, as\u00ed como en ofertas de c\u00f3digo abierto de Red Hat dise\u00f1adas para simplificar la implementaci\u00f3n de IBM Cloud Paks mientras permite una forma m\u00e1s r\u00e1pida y confiable de modernizarse y de trasladarse hacia la nube.<\/p>\n<p>IBM Storage Suite for IBM Cloud Paks le permite crear cualquier entorno de contenedor Red Hat OpenShift con una base completa de infraestructura de almacenamiento definido por software. Elija los recursos de datos que necesita cuando los necesite.<\/p>\n<p>&nbsp;<\/p>\n<hr \/>\n<p>&nbsp;<\/p>\n<h3><span style=\"color: #3366ff;\"><strong>IBM Storage for Red Hat OpenShift<\/strong><\/span><\/h3>\n<p>IBM Storage for Red Hat OpenShift proporciona los cimientos para la infraestructura y la orquestaci\u00f3n de almacenamiento necesarias para crear un entorno de nube h\u00edbrida robusto, \u00e1gil y a nivel local. IBM opera con los productos de almacenamiento de archivos y bloques de CSI, lo que mejora el uso de contenedores en entornos de Kubernetes. Red Hat OpenShift opera con arquitecturas de computaci\u00f3n m\u00faltiple, incluyendo\u00a0<a href=\"https:\/\/developer.ibm.com\/technologies\/systems\/blogs\/red-hat-openshift-4-available-on-power-systems\/\">IBM Power<\/a>,\u00a0<a href=\"https:\/\/www.ibm.com\/downloads\/cas\/7PZGV1QX\">IBM Z<\/a>\u00a0(PDF, 43 KB) y x86.<\/p>\n<p>&nbsp;<\/p>\n<hr \/>\n<h3><\/h3>\n<h3><span style=\"color: #3366ff;\"><strong>Productos de almacenamiento nativos de contenedor<\/strong><\/span><\/h3>\n<h4>IBM Spectrum Protect Plus<\/h4>\n<p>Una soluci\u00f3n de protecci\u00f3n de datos integral para m\u00e1quinas virtuales, sistemas de archivos Windows, bases de datos, aplicaciones y contenedores en entornos de nube h\u00edbrida.<\/p>\n<p>&nbsp;<\/p>\n<h4>IBM Spectrum Scale<\/h4>\n<p>Administraci\u00f3n avanzada de almacenamiento de datos no estructurados para la nube, big data, anal\u00edtica, objetos, entre otros.<\/p>\n<p>&nbsp;<\/p>\n<h4>IBM Spectrum Discover<\/h4>\n<p>Software de gesti\u00f3n de metadatos, el cual se puede incorporar a entornos de Red Hat OpenShift.<\/p>\n<p>&nbsp;<\/p>\n<p>&nbsp;<\/p>\n","protected":false},"excerpt":{"rendered":"<p>Proteja sus datos con servicios de almacenamiento persistentes para contenedores. &nbsp; IBM Storage Suite for IBM Cloud Paks Proporcione servicios de datos empresariales a entornos de contenedores con una soluci\u00f3n de almacenamiento flexible y definida por software para la nube h\u00edbrida. IBM Storage Suite for IBM Cloud Paks se basa en la familia IBM Spectrum<\/p>\n","protected":false},"author":2,"featured_media":0,"parent":0,"menu_order":0,"comment_status":"closed","ping_status":"closed","template":"","meta":{"_acf_changed":false,"inline_featured_image":false,"footnotes":""},"class_list":["post-2099","page","type-page","status-publish","hentry"],"acf":[],"_links":{"self":[{"href":"http:\/\/web.digitalexpansion.com.ar\/index.php?rest_route=\/wp\/v2\/pages\/2099","targetHints":{"allow":["GET"]}}],"collection":[{"href":"http:\/\/web.digitalexpansion.com.ar\/index.php?rest_route=\/wp\/v2\/pages"}],"about":[{"href":"http:\/\/web.digitalexpansion.com.ar\/index.php?rest_route=\/wp\/v2\/types\/page"}],"author":[{"embeddable":true,"href":"http:\/\/web.digitalexpansion.com.ar\/index.php?rest_route=\/wp\/v2\/users\/2"}],"replies":[{"embeddable":true,"href":"http:\/\/web.digitalexpansion.com.ar\/index.php?rest_route=%2Fwp%2Fv2%2Fcomments&post=2099"}],"version-history":[{"count":1,"href":"http:\/\/web.digitalexpansion.com.ar\/index.php?rest_route=\/wp\/v2\/pages\/2099\/revisions"}],"predecessor-version":[{"id":2102,"href":"http:\/\/web.digitalexpansion.com.ar\/index.php?rest_route=\/wp\/v2\/pages\/2099\/revisions\/2102"}],"wp:attachment":[{"href":"http:\/\/web.digitalexpansion.com.ar\/index.php?rest_route=%2Fwp%2Fv2%2Fmedia&parent=2099"}],"curies":[{"name":"wp","href":"https:\/\/api.w.org\/{rel}","templated":true}]}}