{"id":1247,"date":"2017-02-22T18:11:47","date_gmt":"2017-02-22T18:11:47","guid":{"rendered":"http:\/\/stripey.studiom.com.ar\/?page_id=1247"},"modified":"2021-05-02T22:54:50","modified_gmt":"2021-05-02T22:54:50","slug":"equipo","status":"publish","type":"page","link":"https:\/\/web.digitalexpansion.com.ar\/?page_id=1247","title":{"rendered":"ACERCA DE NOSOTROS"},"content":{"rendered":"<h3><img loading=\"lazy\" decoding=\"async\" class=\"alignleft size-full wp-image-1511\" src=\"http:\/\/web.digitalexpansion.com.ar\/wp-content\/uploads\/2020\/06\/ffffffffffff.png\" alt=\"\" width=\"990\" height=\"350\" srcset=\"https:\/\/web.digitalexpansion.com.ar\/wp-content\/uploads\/2020\/06\/ffffffffffff.png 990w, https:\/\/web.digitalexpansion.com.ar\/wp-content\/uploads\/2020\/06\/ffffffffffff-300x106.png 300w, https:\/\/web.digitalexpansion.com.ar\/wp-content\/uploads\/2020\/06\/ffffffffffff-768x272.png 768w, https:\/\/web.digitalexpansion.com.ar\/wp-content\/uploads\/2020\/06\/ffffffffffff-260x92.png 260w\" sizes=\"auto, (max-width: 990px) 100vw, 990px\" \/><\/h3>\n<h3><\/h3>\n<h3><\/h3>\n<h3><\/h3>\n<p>&nbsp;<\/p>\n<h3 style=\"text-align: center;\">Digital Expansion SAS nace de la iniciativa de un grupo de profesionales con m\u00e1s de 25 a\u00f1os de trayectoria en el mercado corporativo inform\u00e1tico. La experiencia adquirida nos permite evaluar las necesidades de nuestros Clientes y poder brindad la mejor soluci\u00f3n.<\/h3>\n<p style=\"text-align: center;\">Contamos con un amplio y diversificado portfolio de soluciones de Hardware, Software y Servicios Inform\u00e1ticos, orientados \u00a0a satisfacer los requerimientos de las diferentes \u00e1reas \u00a0de su empresa.<\/p>\n<p style=\"text-align: center;\">Nuestros Ejecutivos Comerciales y Especialistas T\u00e9cnicos, se encuentran capacitados para ofrecerle el mejor asesoramiento t\u00e9cnico y desarrollo de soluciones de IT<\/p>\n<p style=\"text-align: center;\">\n<div class=\"row-fluid\"><div class=\"grid-2\">.<br \/><\/div>\n<div class=\"grid-2\"><img loading=\"lazy\" decoding=\"async\" class=\"wp-image-1538 size-medium aligncenter\" src=\"http:\/\/web.digitalexpansion.com.ar\/wp-content\/uploads\/2020\/06\/logo-digital-expansion-250520-300x93.png\" alt=\"\" width=\"300\" height=\"93\" srcset=\"https:\/\/web.digitalexpansion.com.ar\/wp-content\/uploads\/2020\/06\/logo-digital-expansion-250520-300x93.png 300w, https:\/\/web.digitalexpansion.com.ar\/wp-content\/uploads\/2020\/06\/logo-digital-expansion-250520-1024x317.png 1024w, https:\/\/web.digitalexpansion.com.ar\/wp-content\/uploads\/2020\/06\/logo-digital-expansion-250520-768x238.png 768w, https:\/\/web.digitalexpansion.com.ar\/wp-content\/uploads\/2020\/06\/logo-digital-expansion-250520-1536x476.png 1536w, https:\/\/web.digitalexpansion.com.ar\/wp-content\/uploads\/2020\/06\/logo-digital-expansion-250520-2048x635.png 2048w, https:\/\/web.digitalexpansion.com.ar\/wp-content\/uploads\/2020\/06\/logo-digital-expansion-250520-260x81.png 260w\" sizes=\"auto, (max-width: 300px) 100vw, 300px\" \/><br \/>\n<div class=\"grid-2\"><\/div><\/div><\/div>\n<p>&nbsp;<\/p>\n<div class=\"row-fluid\"><div class=\"grid-half\"><a class=\"button\" href=\"http:\/\/web.digitalexpansion.com.ar\/?page_id=150\">CONOCE NUESTROS PRODUCTOS <\/a><\/p><\/div>\n<div class=\"grid-half\"><a class=\"button\" href=\"http:\/\/web.digitalexpansion.com.ar\/?page_id=155\">CONTACTA UN ASESOR<\/a><\/p><\/div><\/div>\n<p>&nbsp;<\/p>\n","protected":false},"excerpt":{"rendered":"<p>&nbsp; Digital Expansion SAS nace de la iniciativa de un grupo de profesionales con m\u00e1s de 25 a\u00f1os de trayectoria en el mercado corporativo inform\u00e1tico. La experiencia adquirida nos permite evaluar las necesidades de nuestros Clientes y poder brindad la mejor soluci\u00f3n. Contamos con un amplio y diversificado portfolio de soluciones de Hardware, Software y<\/p>\n","protected":false},"author":2,"featured_media":0,"parent":0,"menu_order":0,"comment_status":"closed","ping_status":"closed","template":"page_fullwidth.php","meta":{"_acf_changed":false,"inline_featured_image":false,"footnotes":""},"class_list":["post-1247","page","type-page","status-publish","hentry"],"acf":[],"_links":{"self":[{"href":"https:\/\/web.digitalexpansion.com.ar\/index.php?rest_route=\/wp\/v2\/pages\/1247","targetHints":{"allow":["GET"]}}],"collection":[{"href":"https:\/\/web.digitalexpansion.com.ar\/index.php?rest_route=\/wp\/v2\/pages"}],"about":[{"href":"https:\/\/web.digitalexpansion.com.ar\/index.php?rest_route=\/wp\/v2\/types\/page"}],"author":[{"embeddable":true,"href":"https:\/\/web.digitalexpansion.com.ar\/index.php?rest_route=\/wp\/v2\/users\/2"}],"replies":[{"embeddable":true,"href":"https:\/\/web.digitalexpansion.com.ar\/index.php?rest_route=%2Fwp%2Fv2%2Fcomments&post=1247"}],"version-history":[{"count":27,"href":"https:\/\/web.digitalexpansion.com.ar\/index.php?rest_route=\/wp\/v2\/pages\/1247\/revisions"}],"predecessor-version":[{"id":1668,"href":"https:\/\/web.digitalexpansion.com.ar\/index.php?rest_route=\/wp\/v2\/pages\/1247\/revisions\/1668"}],"wp:attachment":[{"href":"https:\/\/web.digitalexpansion.com.ar\/index.php?rest_route=%2Fwp%2Fv2%2Fmedia&parent=1247"}],"curies":[{"name":"wp","href":"https:\/\/api.w.org\/{rel}","templated":true}]}}